{"id":14,"date":"2018-02-14T15:15:51","date_gmt":"2018-02-14T15:15:51","guid":{"rendered":"http:\/\/leczborelioze.pl\/?page_id=14"},"modified":"2025-08-19T18:57:52","modified_gmt":"2025-08-19T17:57:52","slug":"kontakt","status":"publish","type":"page","link":"https:\/\/leczborelioze.pl\/index.php\/kontakt\/","title":{"rendered":"Kontakt"},"content":{"rendered":"<p><b><\/b><i><\/i><u><\/u>517-259-103<img loading=\"lazy\" decoding=\"async\" class=\"wp-image-105 alignleft\" src=\"http:\/\/leczborelioze.pl\/wp-content\/uploads\/2018\/02\/unnamed.png\" alt=\"\" width=\"23\" height=\"23\" srcset=\"https:\/\/leczborelioze.pl\/wp-content\/uploads\/2018\/02\/unnamed.png 300w, https:\/\/leczborelioze.pl\/wp-content\/uploads\/2018\/02\/unnamed-150x150.png 150w\" sizes=\"(max-width: 23px) 100vw, 23px\" \/><\/p>\n<p><em><img loading=\"lazy\" decoding=\"async\" class=\"wp-image-102 alignleft\" style=\"margin: 8px 16px 8px 0px; outline: #72777c solid 1px; height: 33px; text-align: left; color: #333333; text-transform: none; text-indent: 0px; letter-spacing: normal; font-size: 16px; font-style: normal; font-variant: normal; font-weight: 400; text-decoration: none; word-spacing: 0px; white-space: normal; max-width: 738.67px; orphans: 2; float: left; -webkit-text-stroke-width: 0px; background-color: transparent;\" src=\"http:\/\/leczborelioze.pl\/wp-content\/uploads\/2018\/02\/google-309740_960_720-185x300.png\" alt=\"\" width=\"20\" height=\"49\" \/><\/em>ul. Leonarda 5\/34\u00a0\u00a0\u00a0<span style=\"display: inline !important; float: none; background-color: transparent; color: #333333; font-family: Georgia,'Times New Roman','Bitstream Charter',Times,serif; font-size: 16px; font-style: normal; font-variant: normal; font-weight: 400; letter-spacing: normal; line-height: 24px; orphans: 2; text-align: left; text-decoration: none; text-indent: 0px; text-transform: none; -webkit-text-stroke-width: 0px; white-space: normal; word-spacing: 0px; word-wrap: break-word;\"><br \/>\n<\/span> \u00a0\u00a0\u00a0\u00a0 20-625 Lublin <span style=\"display: inline !important; float: none; background-color: transparent; color: #333333; font-family: Georgia,'Times New Roman','Bitstream Charter',Times,serif; font-size: 16px; font-style: normal; font-variant: normal; font-weight: 400; letter-spacing: normal; line-height: 24px; orphans: 2; text-align: left; text-decoration: none; text-indent: 0px; text-transform: none; -webkit-text-stroke-width: 0px; white-space: normal; word-spacing: 0px; word-wrap: break-word;\">\n\t\t<div id=\"intergeo_mapxATM\" class=\"intergeo_map_canvas\" style=\"width:100%;height:300px;width:100%;height:300px;\"><\/div>\n\t\t<script type=\"text\/javascript\">\n\t\t\t\/* <![CDATA[ *\/\n\t\t\tif (!window.intergeo_maps) window.intergeo_maps = [];\n\t\t\twindow.intergeo_maps.push( { container: 'intergeo_mapxATM', options: {\"lat\":51.240777550852,\"lng\":22.516844381176,\"zoom\":18,\"overlays\":{\"marker\":[{\"position\":[\"51.240778\",\"22.516844\"],\"icon\":false,\"info\":\"<br>\",\"title\":\"\",\"loc\":\"\"}]}} } );\n\t\t\tif (!window.intergeo_maps_current) window.intergeo_maps_current = null;\n\t\t\t\/* ]]> *\/\n\t\t<\/script>\n\t\t<\/span><\/p>\n<p><img loading=\"lazy\" decoding=\"async\" class=\"wp-image-104 alignleft\" src=\"http:\/\/leczborelioze.pl\/wp-content\/uploads\/2018\/02\/mail-e1518723209890.png\" alt=\"\" width=\"31\" height=\"20\" srcset=\"https:\/\/leczborelioze.pl\/wp-content\/uploads\/2018\/02\/mail-e1518723209890.png 153w, https:\/\/leczborelioze.pl\/wp-content\/uploads\/2018\/02\/mail-e1518723209890-150x99.png 150w\" sizes=\"(max-width: 31px) 100vw, 31px\" \/><span style=\"display: inline !important; float: none; background-color: transparent; color: #333333; font-family: Georgia,'Times New Roman','Bitstream Charter',Times,serif; font-size: 16px; font-style: normal; font-variant: normal; font-weight: 400; letter-spacing: normal; line-height: 24px; orphans: 2; text-align: left; text-decoration: none; text-indent: 0px; text-transform: none; -webkit-text-stroke-width: 0px; white-space: normal; word-spacing: 0px; word-wrap: break-word;\">boreliozainfo@gmail.com<\/span><b><\/b><i><\/i><u><\/u><\/p>\n<p><a style=\"margin: 0px; padding: 0px; text-align: left; color: #0066cc; text-transform: none; line-height: 24px; text-indent: 0px; letter-spacing: normal; overflow: visible; font-size: 16px; font-style: normal; font-variant: normal; font-weight: 400; word-spacing: 0px; white-space: normal; word-wrap: break-word; min-height: 0px; max-width: none; orphans: 2; -webkit-text-stroke-width: 0px; background-color: transparent;\" href=\"https:\/\/www.facebook.com\/Poradnia-Leczenia-Boreliozy-Prof-Agnieszka-Pedrycz-Wieczorska-579037789097572\/\"><img loading=\"lazy\" decoding=\"async\" class=\"wp-image-103 alignleft\" style=\"margin: 8px 16px 8px 0px; height: 30px; text-align: left; color: #333333; text-transform: none; text-indent: 0px; letter-spacing: normal; font-size: 16px; font-style: normal; font-variant: normal; font-weight: 400; word-spacing: 0px; white-space: normal; max-width: 738.67px; orphans: 2; float: left; -webkit-text-stroke-width: 0px; background-color: transparent;\" src=\"http:\/\/leczborelioze.pl\/wp-content\/uploads\/2018\/02\/facebook-1-300x300.png\" alt=\"\" width=\"30\" height=\"30\" srcset=\"https:\/\/leczborelioze.pl\/wp-content\/uploads\/2018\/02\/facebook-1-300x300.png 300w, https:\/\/leczborelioze.pl\/wp-content\/uploads\/2018\/02\/facebook-1-150x150.png 150w, https:\/\/leczborelioze.pl\/wp-content\/uploads\/2018\/02\/facebook-1.png 512w\" sizes=\"(max-width: 30px) 100vw, 30px\" \/><\/a><a style=\"background-attachment: scroll; background-clip: border-box; background-color: #bfe6ff; background-image: none; background-origin: padding-box; background-position-x: 0%; background-position-y: 0%; background-repeat: repeat; background-size: auto; border-bottom-left-radius: 2px; border-bottom-right-radius: 2px; border-top-left-radius: 2px; border-top-right-radius: 2px; box-shadow: 0px 0px 0px 1px #bfe6ff; color: #0066cc; font-family: Georgia,&amp;quot; times new roman&amp;quot;,&amp;quot;bitstream charter&amp;quot;,times,serif; font-size: 16px; font-style: normal; font-variant: normal; font-weight: 400; letter-spacing: normal; orphans: 2; text-align: left; text-decoration: underline; text-indent: 0px; text-transform: none; -webkit-text-stroke-width: 0px; white-space: normal; word-spacing: 0px; padding: 0px 2px 0px 2px; margin: 0px -2px 0px -2px;\" href=\"https:\/\/www.facebook.com\/Poradnia-Leczenia-Boreliozy-Prof-Agnieszka-Pedrycz-Wieczorska-579037789097572\/\">Poradnia Leczenia Boreliozy Prof. Agnieszka Pedrycz-Wieczorska<\/a><b><\/b><i><\/i><u><\/u><\/p>\n<p><a href=\"https:\/\/www.facebook.com\/Poradnia-Leczenia-Boreliozy-Prof-Agnieszka-Pedrycz-Wieczorska-579037789097572\/\">\u00a0<\/a><\/p>\n<h5><span style=\"display: inline !important; float: none; background-color: transparent; color: #333333; font-family: Georgia,'Times New Roman','Bitstream Charter',Times,serif; font-size: 16px; font-style: normal; font-variant: normal; font-weight: bold; letter-spacing: normal; orphans: 2; text-align: left; text-decoration: none; text-indent: 0px; text-transform: none; -webkit-text-stroke-width: 0px; white-space: normal; word-spacing: 0px;\"><br \/>\nZapraszamy do zapis\u00f3w r\u00f3wnie\u017c w zak\u0142adce Zapisy Online!<\/span><b><\/b><i><\/i><u><\/u><\/h5>\n<pre><span style=\"font-weight: 400;\">Administratorem danych osobowych przes\u0142anych <\/span><span style=\"font-weight: 400;\">pod ten adres<\/span><span style=\"font-weight: 400;\">\u00a0 za po\u015brednictwem poczty elektronicznej\u00a0 jest <\/span><span style=\"font-weight: 400;\">prof. dr hab. n. med. Agnieszka Pedrycz Wieczorska prowadz\u0105ca indywidualn\u0105 praktyk\u0119 lekarsk\u0105 pod nazw\u0105 <\/span><b>HIST-MED. Agnieszka Pedrycz Wieczorska<\/b><span style=\"font-weight: 400;\"> z siedzib\u0105 w Lublinie (20-625) przy ul. Leonarda 5\/34. <\/span><span style=\"font-weight: 400;\">Szczeg\u00f3\u0142owe informacje dotycz\u0105ce przetwarzania i ochrony danych osobowych znajduj\u0105 si\u0119 <a href=\"https:\/\/leczborelioze.pl\/index.php\/rodo\/\">Tutaj<\/a><\/span><\/pre>\n","protected":false},"excerpt":{"rendered":"<p>517-259-103 ul. Leonarda 5\/34\u00a0\u00a0\u00a0 \u00a0\u00a0\u00a0\u00a0 20-625 Lublin boreliozainfo@gmail.com Poradnia Leczenia Boreliozy Prof. Agnieszka Pedrycz-Wieczorska \u00a0 Zapraszamy do zapis\u00f3w r\u00f3wnie\u017c w zak\u0142adce Zapisy Online! Administratorem danych osobowych przes\u0142anych pod ten adres\u00a0 za po\u015brednictwem poczty elektronicznej\u00a0 jest prof. dr hab. n. med. Agnieszka Pedrycz Wieczorska prowadz\u0105ca indywidualn\u0105 praktyk\u0119 lekarsk\u0105 pod nazw\u0105 HIST-MED. Agnieszka Pedrycz Wieczorska z siedzib\u0105<a class=\"moretag\" href=\"https:\/\/leczborelioze.pl\/index.php\/kontakt\/\"><span class=\"screen-reader-text\">Wi\u0119cej oKontakt<\/span>[&#8230;]<\/a><\/p>\n","protected":false},"author":1,"featured_media":0,"parent":0,"menu_order":0,"comment_status":"closed","ping_status":"closed","template":"","meta":{"footnotes":""},"_links":{"self":[{"href":"https:\/\/leczborelioze.pl\/index.php\/wp-json\/wp\/v2\/pages\/14"}],"collection":[{"href":"https:\/\/leczborelioze.pl\/index.php\/wp-json\/wp\/v2\/pages"}],"about":[{"href":"https:\/\/leczborelioze.pl\/index.php\/wp-json\/wp\/v2\/types\/page"}],"author":[{"embeddable":true,"href":"https:\/\/leczborelioze.pl\/index.php\/wp-json\/wp\/v2\/users\/1"}],"replies":[{"embeddable":true,"href":"https:\/\/leczborelioze.pl\/index.php\/wp-json\/wp\/v2\/comments?post=14"}],"version-history":[{"count":8,"href":"https:\/\/leczborelioze.pl\/index.php\/wp-json\/wp\/v2\/pages\/14\/revisions"}],"predecessor-version":[{"id":2489,"href":"https:\/\/leczborelioze.pl\/index.php\/wp-json\/wp\/v2\/pages\/14\/revisions\/2489"}],"wp:attachment":[{"href":"https:\/\/leczborelioze.pl\/index.php\/wp-json\/wp\/v2\/media?parent=14"}],"curies":[{"name":"wp","href":"https:\/\/api.w.org\/{rel}","templated":true}]}}